ase 7.
-23
1f (base 16) to base 6
51
What is 32 (base 4) in base 11?
13
Convert -14 (base 7) to base 13.
-b
57 (base 10) to base 12
49
What is -11100 (base 4) in base 7?
-660
What is 132 (base 6) in base 4?
320
Convert -20 (base 5) to base 16.
-a
-12 (base 11) to base 4
-31
What is -168 (base 10) in base 7?
-330
What is 0 (base 13) in base 5?
0
Convert 2 (base 12) to base 11.
2
Convert -2 (base 6) to base 10.
-2
What is 3 (base 8) in base 11?
3
Convert 132 (base 8) to base 9.
110
What is 6 (base 16) in base 3?
20
What is 2 (base 16) in base 5?
2
What is 22 (base 13) in base 12?
24
Convert 102 (base 12) to base 6.
402
What is 60 (base 12) in base 8?
110
What is -122 (base 3) in base 2?
-10001
Convert 43 (base 9) to base 11.
36
Convert -3 (base 8) to base 11.
-3
What is 120 (base 6) in base 15?
33
-53 (base 13) to base 2
-1000100
What is 2 (base 7) in base 14?
2
What is -38 (base 10) in base 14?
-2a
What is 97 (base 10) in base 6?
241
3 (base 13) to base 5
3
Convert c (base 15) to base 3.
110
Convert -111 (base 8) to base 2.
-1001001
What is 114 (base 6) in base 2?
101110
Convert -22100 (base 3) to base 7.
-441
Convert -2 (base 14) to base 3.
-2
Convert 0 (base 3) to base 7.
0
Convert 1 (base 7) to base 9.
1
-38 (base 10) to base 3
-1102
-2002 (base 3) to base 14
-40
What is -205 (base 10) in base 16?
-cd
Convert 10 (base 4) to base 11.
4
-90 (base 14) to base 3
-11200
434 (base 6) to base 10
166
Convert -14 (base 11) to base 3.
-120
e (base 16) to base 3
112
What is -105 (base 10) in base 7?
-210
-13 (base 5) to base 2
-1000
-302 (base 6) to base 2
-1101110
Convert -6 (base 9) to base 6.
-10
Convert -5 (base 6) to base 9.
-5
-101 (base 6) to base 11
-34
0 (base 3) to base 4
0
-10 (base 5) to base 10
-5
a (base 16) to base 5
20
What is -3 (base 9) in base 5?
-3
Convert 101 (base 2) to base 8.
5
Convert 2 (base 15) to base 11.
2
1dc (base 15) to base 14
22c
Convert 33 (base 7) to base 12.
20
What is -2 (base 13) in base 6?
-2
1d (base 15) to base 5
103
Convert -1 (base 8) to base 12.
-1
-3 (base 7) to base 12
-3
-2 (base 16) to base 4
-2
Convert 1 (base 4) to base 6.
1
Convert -40 (base 14) to base 16.
-38
What is 1b (base 14) in base 8?
31
Convert a (base 12) to base 4.
22
4 (base 15) to base 14
4
What is -4 (base 16) in base 12?
-4
Convert 3 (base 7) to base 4.
3
Convert -b (base 14) to base 2.
-1011
1 (base 5) to base 16
1
Convert -10 (base 3) to base 6.
-3
Convert -435 (base 6) to base 3.
-20012
Convert 67 (base 8) to base 16.
37
What is -2 (base 5) in base 16?
-2
Convert -41 (base 6) to base 14.
-1b
Convert 0 (base 9) to base 2.
0
Convert -101 (base 3) to base 14.
-a
Convert -83 (base 13) to base 12.
-8b
-2 (base 6) to base 3
-2
Convert -31 (base 13) to base 14.
-2c
What is 100 (base 2) in base 13?
4
Convert 6 (base 11) to base 7.
6
40 (base 7) to base 3
1001
Convert -1 (base 2) to base 6.
-1
Convert 4 (base 10) to base 3.
11
-1 (base 8) to base 7
-1
-21 (base 7) to base 9
-16
What is -5 (base 7) in base 16?
-5
94 (base 14) to base 13
a0
Convert -137 (base 11) to base 6.
-425
Convert -4 (base 14) to base 13.
-4
What is 7 (base 10) in base 13?
7
80 (base 11) to base 12
74
Convert 110 (base 2) to base 11.
6
What is 1a (base 16) in base 3?
222
What is 63 (base 14) in base 8?
127
Convert -52 (base 10) to base 8.
-64
-9 (base 10) to base 12
-9
-10 (base 7) to base 5
-12
75 (base 12) to base 5
324
Convert -96 (base 11) to base 3.
-10220
-13 (base 9) to base 7
-15
What is 13 (base 9) in base 15?
c
What is -4 (base 16) in base 4?
-10
Convert 1a (base 15) to base 14.
1b
Convert 5 (base 11) to base 5.
10
What is -22 (base 4) in base 15?
-a
0 (base 7) to base 14
0
What is 3 (base 4) in base 16?
3
-11 (base 2) to base 10
-3
-51 (base 10) to base 3
-1220
What is 10100 (base 2) in base 4?
110
What is 29 (base 15) in base 9?
43
Convert -13 (base 6) to base 15.
-9
What is 7 (base 8) in base 5?
12
Convert 202 (base 4) to base 15.
24
Convert 101212 (base 3) to base 13.
197
-1002 (base 4) to base 8
-102
What is 130 (base 8) in base 3?
10021
Convert c (base 13) to base 15.
c
-2 (base 15) to base 11
-2
What is -163 (base 7) in base 16?
-5e
18 (base 15) to base 3
212
-11 (base 2) to base 3
-10
What is -121 (base 3) in base 13?
-13
What is -100 (base 7) in base 13?
-3a
Convert -19 (base 15) to base 4.
-120
What is -3 (base 16) in base 10?
-3
Convert 201 (base 12) to base 5.
2124
Convert -8 (base 11) to base 15.
-8
3230 (base 4) to base 15
10b
Convert 2 (base 9) to base 12.
2
7 (base 15) to base 5
12
Convert 7 (base 11) to base 16.
7
What is -36 (base 10) in base 13?
-2a
What is 2d (base 14) in base 7?
56
-3 (base 9) to base 16
-3
What is 6 (base 13) in base 3?
20
1 (base 13) to base 2
1
71 (base 12) to base 7
151
Convert -9 (base 15) to base 16.
-9
Convert -c4 (base 13) to base 9.
-187
Convert 2042 (base 5) to base 14.
156
2 (base 8) to base 11
2
29 (base 11) to base 16
1f
What is -1 (base 14) in base 6?
-1
What is -7 (base 11) in base 10?
-7
Convert 0 (base 4) to base 3.
0
What is e7 (base 16) in base 3?
22120
What is -31 (base 13) in base 10?
-40
-3 (base 5) to base 16
-3
What is -3c (base 15) in base 9?
-63
Convert 2 (base 15) to base 9.
2
What is 5 (base 11) in base 14?
5
What is -122 (base 10) in base 14?
-8a
Convert 53 (base 15) to base 6.
210
1101100 (base 2) to base 8
154
Convert -2 (base 7) to base 4.
-2
What is -75 (base 11) in base 13?
-64
-76 (base 13) to base 3
-10121
26 (base 14) to base 11
31
Convert 0 (base 16) to base 13.
0
10 (base 7) to base 15
7
What is c7 (base 13) in base 10?
163
-1 (base 12) to base 3
-1
-31 (base 10) to base 15
-21
-2 (base 10) to base 16
-2
-19 (base 16) to base 12
-21
Convert -5 (base 13) to base 10.
-5
Convert 0 (base 2) to base 15.
0
-3b (base 13) to base 11
-46
Convert 4 (base 6) to base 3.
11
Convert 1000011 (base 2) to base 8.
103
Convert 4 (base 13) to base 8.
4
-41 (base 15) to base 13
-49
Convert -158 (base 14) to base 7.
-541
Convert 1 (base 15) to base 5.
1
What is 3 (base 10) in base 4?
3
Convert -55 (base 7) to base 9.
-44
49 (base 10) to base 4
301
-3 (base 12) to base 14
-3
What is 11 (base 4) in base 11?
5
-116 (base 13) to base 5
-1223
-147 (base 10) to base 8
-223
Convert 18 (base 11) to base 12.
17
Convert 2000 (base 3) to base 2.
110110
What is 24 (base 10) in base 11?
22
30 (base 6) to base 15
13
What is 15 (base 13) in base 16?
12
Convert 30 (base 5) to base 3.
120
22 (base 4) to base 8
12
Convert 0 (base 5) to base 9.
0
Convert 20220 (base 3) to base 12.
136
-16 (base 15) to base 11
-1a
What is -16 (base 7) in base 3?
-111
-3033 (base 5) to base 15
-1b3
Convert -3 (base 4) to base 6.
-3
Convert 1 (base 15) to base 13.
1
Convert -102 (base 6) to base 15.
-28
-4 (base 15) to base 5
-4
What is 1 (base 12) in base 6?
1
Convert -a (base 14) to base 16.
-a
1d (base 16) to base 12
25
Convert 4 (base 5) to base 2.
100
Convert -1001 (base 3) to base 8.
-34
-1013 (base 4) to base 2
-1000111
What is -105 (base 8) in base 12?
-59
What is 1000001 (base 2) in base 12?
55
1 (base 3) to base 4
1
What is -11 (base 6) in base 7?
-10
-3 (base 6) to base 12
-3
1b (base 14) to base 7
34
What is 12 (base 10) in base 7?
15
What is 97 (base 12) in base 10?
115
-453 (base 6) to base 16
-b1
What is 2 (base 10) in base 14?
2
-21 (base 7) to base 12
-13
What is -1 (base 12) in base 3?
-1
-8a (base 14) to base 8
-172
123 (base 8) to base 9
102
What is 131 (base 4) in base 6?
45
Convert 221 (base 4) to base 15.
2b
What is b (base 16) in base 15?
b
Convert 110 (base 4) to base 10.
20
What is 1 (base 2) in base 16?
1
-12 (base 4) to base 3
-20
Convert 31 (base 16) to base 11.
45
4 (base 14) to base 2
100
Convert -11 (base 4) to base 12.
-5
What is 1020 (base 3) in base 13?
27
What is 31 (base 11) in base 8?
42
What is 0 (base 11) in base 12?
0
What is 100100 (base 2) in base 11?
33
What is 1 (base 16) in base 11?
1
11100111 (base 2) to base 16
e7
-1133 (base 5) to base 11
-143
-6 (base 15) to base 12
-6
What is 135 (base 10) in base 11?
113
What is -4 (base 16) in base 10?
-4
What is -1 (base 13) in base 9?
-1
Convert 1a9 (base 12) to base 14.
157
What is 99 (base 11) in base 4?
1230
-202 (base 4) to base 10
-34
Convert -3 (base 5) to base 14.
-3
What is -7 (base 11) in base 6?
-11
What is 39 (base 11) in base 14?
30
-1 (base 